3 (base 16) to base 6
444523
Convert 1100111011110 (base 2) to base 14.
25b0
Convert 131400 (base 5) to base 13.
24bc
What is 46962 (base 10) in base 13?
184b6
-4113 (base 5) to base 15
-258
What is -10200 (base 3) in base 12?
-83
-d05 (base 15) to base 13
-1445
What is 12101203 (base 4) in base 5?
1310244
65424 (base 7) to base 14
5d4b
Convert -b43b (base 14) to base 16.
-792d
Convert 648 (base 11) to base 3.
1001211
2 (base 10) to base 14
2
What is -1740 (base 13) in base 10?
-3432
What is -5630 (base 7) in base 11?
-1586
What is -2030 (base 7) in base 14?
-387
Convert 25523 (base 11) to base 6.
441143
-11221 (base 3) to base 14
-97
-168 (base 10) to base 3
-20020
Convert -10409 (base 10) to base 13.
-4979
Convert 1545 (base 11) to base 14.
a1b
Convert -1311 (base 4) to base 11.
-a7
What is 82015 (base 9) in base 5?
3211320
-103116 (base 7) to base 9
-26486
What is 132056 (base 7) in base 12?
12395
What is 3a (base 16) in base 6?
134
-680 (base 9) to base 4
-20232
What is 479 (base 10) in base 11?
3a6
What is -33334 (base 5) in base 10?
-2344
-11202 (base 3) to base 12
-a8
What is -23002 (base 8) in base 15?
-2d3a
Convert -21206 (base 10) to base 7.
-115553
What is 1013233 (base 4) in base 8?
10757
What is -1001101100100 (base 2) in base 11?
-3803
What is 1d5 (base 14) in base 2?
101111111
What is -363a (base 14) in base 11?
-7120
Convert -10011 (base 4) to base 9.
-320
Convert 3310 (base 9) to base 11.
1918
Convert -38607 (base 9) to base 13.
-bab8
-3e9 (base 15) to base 11
-743
261 (base 15) to base 10
541
4000323 (base 5) to base 13
22646
Convert -a36 (base 11) to base 16.
-4e1
Convert 10210 (base 4) to base 16.
124
Convert -788 (base 11) to base 12.
-667
15180 (base 13) to base 4
21232023
Convert -1745 (base 10) to base 14.
-8c9
Convert -23 (base 5) to base 3.
-111
Convert -525450 (base 6) to base 13.
-165a8
121221 (base 4) to base 13
993
-52332 (base 7) to base 5
-402421
383 (base 15) to base 12
566
Convert -2213 (base 4) to base 12.
-11b
-79c9 (base 14) to base 7
-115442
What is -2323200 (base 5) in base 3?
-2011000200
What is -4424 (base 6) in base 11?
-851
What is -1023 (base 9) in base 15?
-350
What is 41766 (base 10) in base 16?
a326
What is -97 (base 16) in base 15?
-a1
-38043 (base 9) to base 16
-63d2
Convert 53b (base 12) to base 10.
767
-1b44 (base 14) to base 9
-6721
Convert 3170 (base 16) to base 15.
3b3b
What is 196a1 (base 11) in base 2?
110101101000001
Convert -5ad1 (base 16) to base 5.
-1220444
-40113 (base 5) to base 2
-100111100101
What is 25566 (base 8) in base 2?
10101101110110
What is 110111001 (base 2) in base 4?
12321
What is 10020000100 (base 3) in base 2?
1111011111001000
-1000101000001 (base 2) to base 11
-3356
Convert -16057 (base 15) to base 12.
-35091
Convert 3517 (base 8) to base 7.
5312
What is 2165 (base 11) in base 9?
3821
What is -658 (base 11) in base 2?
-1100010101
Convert -704 (base 16) to base 2.
-11100000100
Convert -231 (base 10) to base 7.
-450
Convert -419b (base 14) to base 10.
-11309
Convert -938a (base 12) to base 8.
-37332
Convert 231b (base 14) to base 7.
23534
15132 (base 10) to base 13
6b70
Convert -74261 (base 10) to base 11.
-50880
11341 (base 8) to base 13
227a
Convert -425 (base 13) to base 14.
-387
What is 2003035 (base 6) in base 11?
6467a
What is -3d8d (base 16) in base 3?
-210121121
3161 (base 16) to base 2
11000101100001
Convert 4c40 (base 15) to base 16.
3f84
Convert -2001000020 (base 3) to base 12.
-1b259
12102 (base 4) to base 12
296
What is 1210 (base 4) in base 8?
144
What is -1003203 (base 6) in base 9?
-71883
Convert 18d7 (base 15) to base 9.
7334
Convert -2654 (base 11) to base 2.
-110101110111
Convert -4203 (base 6) to base 16.
-3ab
Convert 326 (base 10) to base 3.
110002
What is 4372 (base 11) in base 6?
42410
Convert -10331 (base 5) to base 4.
-23030
Convert 422411 (base 5) to base 4.
3130122
What is -16513 (base 8) in base 9?
-11252
-1d3b1 (base 14) to base 15
-1728b
Convert -110122 (base 3) to base 10.
-341
948 (base 10) to base 12
670
What is 22002130 (base 4) in base 10?
41116
Convert -16352 (base 10) to base 15.
-4ca2
What is -142 (base 13) in base 6?
-1011
31132 (base 4) to base 11
714
-1810 (base 11) to base 16
-906
Convert -366 (base 16) to base 11.
-721
What is 324 (base 13) in base 16?
219
b9d (base 14) to base 7
6456
What is 210 (base 13) in base 14?
1b1
Convert 40627 (base 8) to base 10.
16791
What is -22000 (base 5) in base 10?
-1500
Convert -290 (base 11) to base 15.
-17b
Convert 131200 (base 4) to base 13.
b23
Convert 11a (base 13) to base 5.
1232
Convert 14262 (base 10) to base 15.
435c
5bd (base 15) to base 9
1707
Convert -2eb8 (base 16) to base 14.
-4504
Convert -524 (base 7) to base 5.
-2023
What is -c03 (base 14) in base 4?
-210303
17886 (base 9) to base 12
7206
Convert 9192 (base 15) to base 4.
13200101
Convert -141312 (base 6) to base 2.
-11001111101100
What is -35130 (base 7) in base 6?
-105340
What is 117a (base 12) in base 13?
b83
Convert -6766 (base 12) to base 2.
-10110010111110
Convert -10b44 (base 12) to base 9.
-33617
13015 (base 6) to base 16
7a3
What is -957 (base 11) in base 6?
-5155
What is 2ed (base 15) in base 3?
220221
1011011101 (base 2) to base 9
1004
What is 54514 (base 6) in base 2?
1110101101110
1623a (base 11) to base 7
123541
Convert 21223 (base 5) to base 2.
10110011110
2c7b (base 13) to base 4
1211330
1122 (base 15) to base 7
13406
681 (base 16) to base 14
86d
-21042 (base 5) to base 8
-2565
Convert -40412 (base 6) to base 3.
-21022122
Convert -210102 (base 3) to base 2.
-1001000010
Convert -14531 (base 6) to base 16.
-937
Convert -12466 (base 7) to base 14.
-12dd
Convert 112222001 (base 3) to base 10.
10909
Convert 2210120 (base 3) to base 12.
1220
What is -2b5 (base 15) in base 12?
-438
Convert 29 (base 11) to base 4.
133
Convert 21f (base 16) to base 14.
2ab
Convert -8c34 (base 13) to base 16.
-4cbf
-1132333 (base 5) to base 2
-101000111101000
Convert 111000110 (base 3) to base 6.
111533
101001 (base 3) to base 14
155
-211 (base 6) to base 11
-72
-14c2 (base 14) to base 7
-13532
Convert -23a5 (base 11) to base 16.
-c44
Convert -3449 (base 13) to base 5.
-213303
2502 (base 6) to base 11
509
Convert -30010 (base 5) to base 14.
-984
What is 1328 (base 10) in base 3?
1211012
10437 (base 10) to base 3
112022120
What is -36663 (base 7) in base 11?
-7238
What is 28756 (base 9) in base 11?
13783
Convert -5436 (base 10) to base 13.
-2622
-883 (base 9) to base 12
-503
Convert -11401 (base 7) to base 14.
-1101
What is 252432 (base 6) in base 7?
122654
-1ed (base 16) to base 2
-111101101
What is -1441330 (base 5) in base 13?
-11064
-4d6 (base 14) to base 7
-2556
What is -7075 (base 8) in base 6?
-24513
-2400 (base 5) to base 6
-1342
Convert 9b7a (base 16) to base 4.
21231322
46536 (base 7) to base 8
27236
-4ca (base 14) to base 11
-7a5
What is -4574 (base 8) in base 11?
-1908
1119 (base 11) to base 6
10452
Convert -a28 (base 12) to base 16.
-5c0
-a646 (base 13) to base 4
-11220002
24a (base 12) to base 7
1003
-610 (base 9) to base 15
-230
What is -1100100001101 (base 2) in base 8?
-14415
-1102 (base 6) to base 16
-fe
Convert -214 (base 16) to base 9.
-651
What is be (base 16) in base 6?
514
Convert 102130 (base 4) to base 6.
5244
-45213 (base 8) to base 12
-b063
169ba (base 13) to base 5
2342132
baba (base 12) to base 3
1001020121
-5030 (base 15) to base 12
-9960
112122111 (base 3) to base 11
8028
What is 10 (base 14) in base 13?
11
336 (base 16) to base 11
688
What is -2404 (base 5) in base 9?
-433
Convert 221233 (base 5) to base 16.
1e0d
Convert -1111233 (base 4) to base 3.
-21112020
Convert -6d36 (base 15) to base 13.
-a758
Convert -7717 (base 8) to base 7.
-14541
Convert -4cc2 (base 13) to base 9.
-16043
985 (base 14) to base 7
5325
What is -111010100 (base 2) in base 4?
-13110
Convert -10180 (base 10) to base 8.
-23704
What is -200021210 (base 3) in base 15?
-3e3c
What is -a38 (base 15) in base 7?
-6500
-4deb (base 16) to base 11
-13a94
111100110001 (base 2) to base 7
14224
Convert -26411 (base 11) to base 15.
-b2c9
Convert -299 (base 12) to base 4.
-12111
Convert 1116 (base 16) to base 9.
6000
-1010111101111 (base 2) to base 3
-21200222
What is -303 (base 7) in base 15?
-a0
What is 40115 (base 6) in base 4?
1101233
What is